ppose -6*n = -7*n + t. What are the prime factors of n?
2, 13
Let x = 267 + -243. Suppose 26*r = 76 - x. List the prime factors of r.
2
Suppose 2*b = -u + 2680, 5*b - 24*u + 21*u - 6711 = 0. Let m = -565 + b. What are the prime factors of m?
2, 97
Let k be 0/(2 - (1 + 2)). Suppose 267 = -2*r + 3*s, 2*r - 5*s = -k*r - 269. Let u = -39 - r. List the prime factors of u.
3, 31
Suppose -3*m - 3 = -9. Suppose -m*z + a + 9 = -0*z, -5*z - 3*a = 5. Suppose 4 = -g - 2*f + 11, -5*g = z*f - 59. What are the prime factors of g?
13
Let d = 20921 - 1026. What are the prime factors of d?
5, 23, 173
Let y(f) = -71*f**3 + 37*f**2 + 147*f + 28. What are the prime factors of y(-8)?
2, 3, 31, 101
Suppose -27 = -10*r + r. Let v(s) = -10*s**2 - s**3 + 11*s**2 - r*s + 40 + 57. List the prime factors of v(0).
97
Suppose 678*m = 761*m - 812321. What are the prime factors of m?
9787
Suppose 4656*d - 34600 = 4631*d. List the prime factors of d.
2, 173
Let c be (27 - (-4 + 4))*1. Suppose c*n + 18*n = 47070. List the prime factors of n.
2, 523
Let v(f) = 31*f + 18. Let d(b) = 16*b + 10. Let o(l) = 5*d(l) - 3*v(l). Let w be o(-1). Let r(j) = j**2 + 12*j - 29. List the prime factors of r(w).
2, 5
Let d(k) = 106*k**2 - 211*k - 6. What are the prime factors of d(8)?
2, 5, 509
Let p be ((-3 - 1) + -1)*(-8 - -7). Suppose -4 = -p*o + 31. Let x = o + -4. What are the prime factors of x?
3
Suppose 0*v = -2*v + 10, 0 = 5*s + 5*v - 40. Suppose -z = 4*a - 10, 32 = -z + s*z + 4*a. What are the prime factors of z?
2, 11
Let i(z) = 8*z**2 + 34*z - 95. What are the prime factors of i(-26)?
43, 103
List the prime factors of (-32)/(2400/(-5616765)) - (3 + 56/(-20)).
2, 5, 7489
Let w(g) = g**3 + g. Let s = 90 - 85. List the prime factors of w(s).
2, 5, 13
Suppose -38919 = -18*i + 158361. List the prime factors of i.
2, 5, 137
What are the prime factors of (-275075)/(-10) + ((-8)/18 - (-38)/(-36))?
2, 17, 809
Let j be (6/(-5))/3*-5. Let a(v) = -3*v + 6*v - 5*v + 49*v**j. List the prime factors of a(1).
47
Suppose 39*w - 364694 + 102032 - 291684 = 0. What are the prime factors of w?
2, 3, 23, 103
Let f = 148 - 105. Let c = 179 + f. List the prime factors of c.
2, 3, 37
Let t(h) = -56*h + 19. Let s be t(-6). Let b = 8 + s. List the prime factors of b.
3, 11
Let h(w) = 6*w + 14. Let b be (1/2)/(4/32). Let a be 8 - (b - 6/3). What are the prime factors of h(a)?
2, 5
Suppose -3*o - 25040 = -4*i, -25*i = -29*i - o + 25024. What are the prime factors of i?
6257
Suppose 0*k - 3*k = 0. Suppose -4*r - 5*u + 20 = k, 5 + 7 = 3*r + 3*u. Suppose r = -8*i - 4*i + 168. List the prime factors of i.
2, 7
Let n(s) = -s**2 - 5*s + 2. Let o be n(-5). Let q(r) = 11*r**o - 7 + 0*r - 206*r**3 + r + 207*r**3. List the prime factors of q(-9).
2, 73
What are the prime factors of 132584/16 - (5 - 75/10)?
3, 307
Suppose -3*h - 31 + 26 = -m, 3*m - 3*h - 21 = 0. Suppose 0 = m*p - 22*p + 11452. List the prime factors of p.
2, 409
Suppose 194446 = 146*i - 54*i - 75*i. List the prime factors of i.
2, 7, 19, 43
Suppose -m - 4*v + 26416 = m, 5*m + v = 66040. List the prime factors of m.
2, 13, 127
Let d(m) be the second derivative of 5*m**4/12 + m**3/2 + 5*m**2/2 + 1252*m. Suppose 0 = 2*b + 3*b + 30. What are the prime factors of d(b)?
167
Let r = -320 - -5856. List the prime factors of r.
2, 173
Let h = -397 - -397. Suppose h*c - 2*c - 4*b = -316, 662 = 4*c - 2*b. What are the prime factors of c?
2, 41
Suppose 51*u - 97 - 362 = 0. List the prime factors of 1972/(-7 + u) - (4 - 8).
2, 3, 5, 11
Let h(u) = -u**2 + 2. Let i(s) = s**3 - 5*s**2 - 10*s - 17. Let w(b) = -h(b) - i(b). Suppose 0 = 2*r + 10*r - 84. List the prime factors of w(r).
2, 3
Let m(x) = -3*x**2 + 12*x + 23. Let j be m(16). Let g = 814 + j. What are the prime factors of g?
3, 29
Let c = 23 - 40. Let o(a) = a**3 + 17*a**2 - 12*a - 9. Let n be o(c). Suppose -n = 6*m - 549. What are the prime factors of m?
59
Suppose c = 4*r - 4, 4*c + 5*r - 30 = -c. Suppose -4*p = -3*b - b + 1672, b - c*p - 412 = 0. Suppose 4*h = 168 + b. List the prime factors of h.
3, 7
Suppose 6 = 3*l + 2*p, -7 = -l - 3*p + 2. Let b be (10 - -49) + l + -2. What are the prime factors of (1/2*2)/(b/399)?
7
Let m = 710 - -61303. What are the prime factors of m?
3, 7, 2953
Suppose -138*z + 142*z = 8. Let x(v) = v**2 - 9*v - 1. Let j be x(9). What are the prime factors of 265 + (j - -3 - 2) + z?
3, 89
Let z(i) = 3*i + 8. Let b(n) be the third derivative of n**4/24 + 4*n**3 - 15*n**2. Let y be b(-11). List the prime factors of z(y).
47
Suppose -55*n = -39*n - 184144. What are the prime factors of n?
17, 677
Suppose -121*v + 344*v - 1194627 = -126*v. What are the prime factors of v?
3, 7, 163
Let y(t) = t**2 + 18*t - 1. Suppose 3*o + 5*o = -64. Let a be y(o). Let i = 113 + a. List the prime factors of i.
2
Suppose -818262 - 77810 = -235*g + 2801183. List the prime factors of g.
15733
Suppose 0 = 29*w - 27*w - 18. Let v = 178 + -326. What are the prime factors of 7/((-42)/w)*v?
2, 3, 37
Let m = 10238 + -4298. What are the prime factors of m?
2, 3, 5, 11
Let h(f) = 18*f + 118 - 8*f - 46 + 11*f. What are the prime factors of h(9)?
3, 29
List the prime factors of 5 + ((-4)/14 - (49088/(-7))/2).
3511
List the prime factors of 127572/(-24)*9/(-18)*4.
10631
Let h(l) = -38*l + 37. Let o = -794 + 781. What are the prime factors of h(o)?
3, 59
Let m(w) = -w**2 + 9*w + 22. Let g be m(11). Suppose 30 = -3*a + c, -5*c + g*c - 3 = 2*a. List the prime factors of a/15 - (146/(-10) + 3).
11
Let q = -36 + 208. Let z = 55 + q. What are the prime factors of z?
227
Suppose -33*s + 4*s = -0*s. Suppose -8 - 7 = -3*c, 5*h + 5*c - 1180 = s. List the prime factors of h.
3, 7, 11
Let x be (1/(-8)*-4)/(1/10). Suppose 5*u = 4*s - 172, 10*s = 12*s - x*u - 96. List the prime factors of s.
2, 19
Suppose -16*h + 12*h + 4528 = 0. Let f = -672 + h. What are the prime factors of f?
2, 5, 23
What are the prime factors of -6 - (11*(-18)/198)/(2/16)?
2
Suppose -81*w - 5467 = -56416. List the prime factors of w.
17, 37
Suppose -4*g = -4*z - 68, -4*g + 54 + 0 = 3*z. Let p(n) = -n**2 - 5*n + 15 + n + 6*n + 17*n + 11*n. What are the prime factors of p(g)?
2, 3, 5
Suppose -41 + 31 = -5*h. Suppose z - 493 = -3*j, 11*z = -h*j + 6*z + 307. What are the prime factors of j?
2, 83
Let h(c) = 59*c**2 + 14*c - 36. Let x be h(5). Let d = x + -2137. Let s = d - -884. List the prime factors of s.
2
Suppose -2*u = -3*l - 72234 - 57504, 5*u = 2*l + 324345. List the prime factors of u.
3, 7, 3089
Let d(c) = 3723*c - 569. What are the prime factors of d(4)?
14323
Suppose 0 = -66*b + 3885589 + 3862457 - 2314068. What are the prime factors of b?
281, 293
Let t be 3291/(-9) + 12/18. Let s = t + 708. What are the prime factors of s?
7
Suppose 42 = -4*q - 5*i, 3*q + 40 = -3*i + 10. Let f(b) = 7*b**2 - 2*b**2 - 3 + 10*b - 3*b**2. List the prime factors of f(q).
3, 5
Suppose -4*n + 10*n = 54. Suppose -2*v + 3703 = 3*x, n*x = 11*x + 2*v - 2470. What are the prime factors of x?
3, 137
Let v = 467 - 325. Suppose -8*j + v = -578. What are the prime factors of j?
2, 3, 5
Let p = -53619 + 126734. List the prime factors of p.
5, 7, 2089
Suppose -18*u - 4*n = -14*u - 24220, 2*u - 12110 = -4*n. What are the prime factors of u?
5, 7, 173
Let i(r) = r**3 + 13*r**2 + 22*r + 10. Let a be i(-11). Suppose -6 = 2*n - 12. Suppose -a*c + 644 = -n*c. List the prime factors of c.
2, 23
Suppose -1635781 + 367241 = -42*f - 140*f. List the prime factors of f.
2, 5, 17, 41
Suppose 23*r - 996887 - 36477 + 5793 = 0. What are the prime factors of r?
43, 1039
Let d(g) be the first derivative of g**4/4 - g**3/3 - g**2/2 + 8*g - 79. What are the prime factors of d(6)?
2, 7, 13
Suppose -427*s = -424*s + 54. What are the prime factors of s/(-153) + 9025/17?
3, 59
Suppose 178 = -2*n - 5*c + 1751, 4*c = n - 806. Suppose -n - 898 = -18*m. What are the prime factors of m?
2, 47
Let z(o) = -28*o**2 + 3291*o - 155. List the prime factors of z(111).
2, 10079
Let o(p) = -10*p**3 - 2*p**2 + 4. Let m be o(-3). Suppose 17*j = 16*j - 5*r - 140, 0 = j + r + 128. Let v = m + j. What are the prime factors of v?
131
Let m(q) = 7*q**2 - 67*q + 11. Let h(w) = -9*w**3 - 13*w**2 - 4. Let s be h(-2). What are the prime factors of m(s)?
17, 43
Let p(v) = v**3 - 12*v**2 + 17*v + 18. Let q be p(10). Let z(x) = 3*x**2